*b + 105. What is the units digit of h(61)?
2
Let h = -120335 - -184376. What is the thousands digit of h?
4
Suppose 2*m - 613 = 2*r - 1537, -3*r + 4*m = -1381. Suppose -l = 5*a + 177 - r, 2*l = 10. What is the units digit of a?
7
Let g(d) = d**3 + 3*d**2 - 7*d - 10. Let m be g(8). Suppose 2*c = 2006 - m. Suppose -c = -3*f + 4*z, 2*f - 294 = -z + 151. What is the units digit of f?
4
Let b(g) = g**2 + 2*g - 7. Suppose 18*i - 15*i + 12 = 0. Let q be (-11)/(1/(4/(0 - i))). What is the units digit of b(q)?
2
Let v(p) = -p**3 - p**2 + 7*p + 3. Let w be v(2). What is the units digit of 480 + w + -4*(-3)/(-6)?
3
Suppose 0 = -3*t - 5*h + 7*h + 10369, 3*t = h + 10373. What is the hundreds digit of t?
4
Let u(x) = 39*x + 767. What is the units digit of u(56)?
1
Suppose 4*z - 6*g - 85106 = 0, 4*z = 223*g - 228*g + 85095. What is the units digit of z?
5
Suppose 5*p - 5*y = 5, -4*p - 1 = -7*p + 2*y. Let i(t) = 593*t**2 - 20*t - 20. What is the hundreds digit of i(p)?
5
What is the thousands digit of (-2436)/9*(5 + -20)?
4
Let w(a) = 2*a**2 - 20*a + 37. Let m be w(8). Suppose 0 = -m*y + 2 + 8, 5*x + 2*y - 7174 = 0. What is the hundreds digit of x?
4
Suppose 0 = -2*c - 3*g + 54052, -4*c - 4*g + 130977 = 22861. What is the tens digit of c?
3
Let j(k) = -5*k**3 - 55*k**2 + 31*k - 135. What is the units digit of j(-24)?
1
Let h(p) = -5*p + 54. Let c be h(10). Suppose u + c = -5*y + 11, 4*u + y = 9. Let n(b) = 93*b + 1. What is the hundreds digit of n(u)?
1
Suppose 0 = 5*p + 3*q - 45, 5*p + 3*q - 3 = 7*p. What is the units digit of (-2397)/(-34)*p/9?
7
Suppose 108*s = 113*s + q - 99595, 5*s = -5*q + 99595. What is the tens digit of s?
1
What is the hundreds digit of 1038/2422 - ((-26)/8)/(14/39448)?
1
Let h = 691 - -32980. What is the ten thousands digit of h?
3
Suppose 0 = -a + 4*z + 521, 0*a - 2*z + 509 = a. Suppose -14*n + 15 = -15 - 12. Suppose -3*g + 387 = y + 2*y, a = 4*y + n*g. What is the hundreds digit of y?
1
Suppose -200*l + 119*l + 427113 = 0. What is the thousands digit of l?
5
Let d = -12781 - -33149. What is the ten thousands digit of d?
2
Let l be (-63)/14*24/(-9). Suppose -l*o + 7506 = 6*o. What is the tens digit of o?
1
Let u be -6 + -4 + 8 + (-39 - 1). What is the units digit of (-168)/u + 218 + 1?
3
Let q be (134/(-8) - -7)/((-2)/8). Suppose -2*k = -q - 57. What is the tens digit of k?
4
Suppose 16*v - 2 = n + 11*v, 4*n + 8 = v. What is the units digit of 1343 + n/2 + 6/6?
3
Suppose -10*y + 9 - 99 = 0. What is the units digit of -1 + 1 - (-61 - (15 + y))?
7
Let b(n) = -19*n - 76. Let a be b(-7). Suppose 59*j - a*j - 2824 = 0. What is the tens digit of j?
1
Let r be (-9)/(-6)*14/7. What is the units digit of ((-1)/(2/r))/((-1)/16)?
4
Let v(m) = -322*m + 236. What is the thousands digit of v(-26)?
8
Let c be ((-4)/7)/((-4)/14). What is the tens digit of (-9808)/(-22) - (24/(-11) + c)?
4
Suppose -246*l - 106*l = -9198112. What is the ten thousands digit of l?
2
Let d(w) = -8*w - 7. Let l be d(-2). Let x = l - 5. Suppose 143 = 3*p - 0*f - x*f, p = -4*f + 37. What is the units digit of p?
5
Suppose 3*j + 36 = -3*x, -3*j - 2*j = -2*x - 52. Let h = x - 3. Let g = h + 37. What is the units digit of g?
8
Suppose 136*m - 132*m + 12 = 0. What is the tens digit of (m + 1 + 563)*1/3?
8
Suppose -4*s = 4*u - 132916, 4*s + 100185 = 2*u + 33727. What is the hundreds digit of u?
2
Let h = 4855 + -4756. What is the units digit of h?
9
Let o be 3 + (-1911)/(-6) + (-1)/(-2). Let v be (-3 - (-33)/12) + o/8. Let l = 56 - v. What is the units digit of l?
6
Let u(d) = -3*d - 12. Let a = 125 + -80. Suppose 12 = -3*b, 4*b = -4*p - 67 - a. What is the tens digit of u(p)?
6
Let y = -29 - -159. Suppose 2435 = 135*m - y*m. What is the tens digit of m?
8
Let r be 3/(-5) + 46/10. Let o be -1 + 4 + r/4. Suppose -261 = w - o*w. What is the units digit of w?
7
Let g be ((-1)/(-2))/(1/24). Suppose -g*m - 10 + 58 = 0. Suppose -m*d = -4*b - 516, 2*d - 2*b - b - 261 = 0. What is the hundreds digit of d?
1
Let y be (3*2)/((-51)/(-68)). Suppose -11*i + y*i = -648. What is the hundreds digit of i?
2
Let k(y) = 11*y**2 + 10*y + 2. Let d be (-15 + 30)*2/10 + 0. What is the tens digit of k(d)?
3
What is the hundreds digit of (329/658)/((-2)/(-38776))?
6
Suppose 0 = 624*y - 26620244 - 13195324. What is the units digit of y?
7
Let k = -1234 + 7921. What is the thousands digit of k?
6
Suppose b - 61 = -4*m + 62, -4*b = -3*m - 568. Suppose -2*v + b = -449. Suppose -o = 3*x - v, 2*o - 5*x = -2*o + 1244. What is the units digit of o?
6
Suppose 5*b - 15 - 20 = 0. Suppose 0 = b*g - 12*g + 165. What is the hundreds digit of 2675/11 - 2 - 6/g?
2
Let q be (-1*((-4)/(-12) - 0)*0)/(-6). Let i(u) be the first derivative of u**3/3 - 5*u**2/2 + 7*u + 1. What is the units digit of i(q)?
7
Suppose -2*w - w = -9. Suppose 26 = 4*x - 2*u, 5*u - w + 33 = 3*x. Suppose 13*o - 1232 = x*o. What is the units digit of o?
4
Let z = -4553 + 12783. What is the hundreds digit of z?
2
Let n be 2*(2 - 3/(-6)). Suppose t + u = -3*t + 9, -n*t = 4*u - 14. Suppose -3*s - t*j + 493 = 0, 0 = 2*s - j - 265 - 73. What is the hundreds digit of s?
1
What is the thousands digit of (-309638)/(-51)*(((-45)/6)/(-3) + -1)?
9
Let h = 5122 + 5157. What is the thousands digit of h?
0
Suppose 5*f = -0*f + 15. Let h be (23/(-3) - -7) + (-17)/(-3). Suppose h*q + f*q - 1768 = 0. What is the tens digit of q?
2
Suppose -5*s + 4*l = -46890, -2*s - 3*l = -8602 - 10177. What is the hundreds digit of s?
3
Let r = 6438 + -2933. What is the thousands digit of r?
3
Suppose 0 = 9*l - 11*l, -2*t + 7684 = 2*l. What is the thousands digit of t?
3
Suppose 0 = 11*b - 7*b + 40. Let k(d) = -118*d - 43. What is the tens digit of k(b)?
3
Suppose 0 = 10*b - 2699 - 1831. Let z = 878 - b. What is the units digit of z?
5
Let t be 5/(-30) - (-19)/6. Suppose -t*y - 36 = -2*y. What is the tens digit of (238/(-3))/((-3)/(y/(-8)))?
1
Let h = 889 - 451. Suppose 3*u - 2*u + 2*c - h = 0, c = 0. Suppose 5*v = 11*v - u. What is the tens digit of v?
7
Let s(l) = 53*l - 188. Let p be s(5). What is the hundreds digit of 42/p + ((-44832)/44)/(-2)?
5
Let h be ((-4)/(-8))/(12/(-264)). What is the units digit of -6 + 1 + (-209)/h?
4
Suppose -27369 - 8541 = -90*u. What is the tens digit of u?
9
Let s = -168 - -236. Suppose 51*x + 18870 = s*x. What is the hundreds digit of x?
1
Let v(k) = -7*k**2 + 1. Let p be v(-1). Let b = 6994 + -7460. What is the units digit of (21/(-1 + 8))/(p/b)?
3
Let k be 21/(((-9)/15)/(-3) - 0). Let w = 44 + k. Let y = w - 30. What is the hundreds digit of y?
1
Let y be 2*(10/3)/(24/18). Suppose 9*k - 8*k = -4*c + 200, 4*k = -y*c + 811. What is the tens digit of k?
0
Let i = 50816 - 29809. What is the thousands digit of i?
1
Suppose 32413 = 5*w + 4*b, -w + 6488 = 4*b - 5*b. What is the hundreds digit of w?
4
Let t(w) = 399*w**2 - 5*w + 12. What is the hundreds digit of t(-4)?
4
Suppose 227265 - 26511 = 9*j - 17757. What is the thousands digit of j?
4
Suppose 36 = -6*i + 540. Suppose g = 52 + i. What is the hundreds digit of g?
1
Let s = -379 - 349. Let x = -382 - s. What is the hundreds digit of x?
3
Suppose -12681 = -x + 5*z, 3*z = -8*x + 7*x + 12689. What is the thousands digit of x?
2
Let i = -552 - -294. Let r = 515 + i. What is the hundreds digit of r?
2
Suppose -40 = -8*u - 8. Suppose 0 = u*p - 3*v - 1711, 3*p + 413 - 1700 = v. Suppose -6*b = -b - p. What is the units digit of b?
6
Suppose -235 = -5*n - 4*v - 0, 3*v = 0. Suppose 8*q = n + 41. What is the units digit of q?
1
Suppose 14*j - 647596 = -89990. What is the units digit of j?
9
Suppose 0 = 2*t + 2*b - 38034, -5*t - 2*b + 84801 = -10281. What is the ten thousands digit of t?
1
Let g = -16 + 15. Let b be g/(4/48*-3). Suppose 3*w + w - f = 433, -5*w - b*f = -515. What is the hundreds digit of w?
1
Let f = 70422 + -24379. What is the units digit of f?
3
Suppose 19*p + 504 = 11*p. Let z = p - -61. Let y(k) = -7*k**3 - k - 2. What is the tens digit of y(z)?
5
Let l(o) = -11*o - 46. Let c be l(-5). Suppose 0*x + c*x - 10701 = 0. What is the thousands digit of x?
1
Let b = 93432 + -49803. What is the hundreds digit of b?
6
Let g(o) be the second derivative of -o**3/3 + 25*o**2/2 + 507*o. Suppose -14 - 8 = 2*a. What is the units digit of g(a)?
7
Let b be 69/21 + -3 - (-2392)/56. Suppose -41 = a - 